{"id":56,"date":"2013-07-09T15:19:02","date_gmt":"2013-07-09T18:19:02","guid":{"rendered":"http:\/\/gois.inf.br\/wordp\/?page_id=56"},"modified":"2020-05-14T20:56:42","modified_gmt":"2020-05-14T23:56:42","slug":"case-cep","status":"publish","type":"page","link":"http:\/\/gois.inf.br\/wordp\/?page_id=56","title":{"rendered":"Case CEP"},"content":{"rendered":"<p>Projeto de uma aplica\u00e7\u00e3o Java SE e Jave EE no qual realizei a integra\u00e7\u00e3o com as m\u00e1quinas de medi\u00e7\u00f5es tridimensionais como Zeiss, Mitutoyo e Hexagon e disponibilizamos as carta de controle e estudo estat\u00edstico em uma aplica\u00e7\u00e3o web.<\/p>\n<p>Clique <a title=\"CEP\" href=\"http:\/\/gois.inf.br\/cases\/CEP.ppsx\" target=\"_blank\">aqui<\/a> para acessar a apresenta\u00e7\u00e3o.<\/p>\n<p><a href=\"http:\/\/gois.inf.br\/wordp\/wp-content\/uploads\/2013\/07\/Slide1.png\"><img loading=\"lazy\" decoding=\"async\" class=\"alignnone size-medium wp-image-63\" alt=\"Slide1\" src=\"http:\/\/gois.inf.br\/wordp\/wp-content\/uploads\/2013\/07\/Slide1-300x225.png\" width=\"300\" height=\"225\" srcset=\"https:\/\/gois.inf.br\/wordp\/wp-content\/uploads\/2013\/07\/Slide1-300x225.png 300w, https:\/\/gois.inf.br\/wordp\/wp-content\/uploads\/2013\/07\/Slide1.png 960w\" sizes=\"auto, (max-width: 300px) 100vw, 300px\" \/><\/a> <a href=\"http:\/\/gois.inf.br\/wordp\/wp-content\/uploads\/2013\/07\/Slide2.png\"><img loading=\"lazy\" decoding=\"async\" class=\"alignnone size-medium wp-image-64\" alt=\"Slide2\" src=\"http:\/\/gois.inf.br\/wordp\/wp-content\/uploads\/2013\/07\/Slide2-300x225.png\" width=\"300\" height=\"225\" srcset=\"https:\/\/gois.inf.br\/wordp\/wp-content\/uploads\/2013\/07\/Slide2-300x225.png 300w, https:\/\/gois.inf.br\/wordp\/wp-content\/uploads\/2013\/07\/Slide2.png 960w\" sizes=\"auto, (max-width: 300px) 100vw, 300px\" \/><\/a> <a href=\"http:\/\/gois.inf.br\/wordp\/wp-content\/uploads\/2013\/07\/Slide3.png\"><img loading=\"lazy\" decoding=\"async\" class=\"alignnone size-medium wp-image-65\" alt=\"Slide3\" src=\"http:\/\/gois.inf.br\/wordp\/wp-content\/uploads\/2013\/07\/Slide3-300x225.png\" width=\"300\" height=\"225\" srcset=\"https:\/\/gois.inf.br\/wordp\/wp-content\/uploads\/2013\/07\/Slide3-300x225.png 300w, https:\/\/gois.inf.br\/wordp\/wp-content\/uploads\/2013\/07\/Slide3.png 960w\" sizes=\"auto, (max-width: 300px) 100vw, 300px\" \/><\/a> <a href=\"http:\/\/gois.inf.br\/wordp\/wp-content\/uploads\/2013\/07\/Slide4.png\"><img loading=\"lazy\" decoding=\"async\" class=\"alignnone size-medium wp-image-66\" alt=\"Slide4\" src=\"http:\/\/gois.inf.br\/wordp\/wp-content\/uploads\/2013\/07\/Slide4-300x225.png\" width=\"300\" height=\"225\" srcset=\"https:\/\/gois.inf.br\/wordp\/wp-content\/uploads\/2013\/07\/Slide4-300x225.png 300w, https:\/\/gois.inf.br\/wordp\/wp-content\/uploads\/2013\/07\/Slide4.png 960w\" sizes=\"auto, (max-width: 300px) 100vw, 300px\" \/><\/a> <a href=\"http:\/\/gois.inf.br\/wordp\/wp-content\/uploads\/2013\/07\/Slide5.png\"><img loading=\"lazy\" decoding=\"async\" class=\"alignnone size-medium wp-image-67\" alt=\"Slide5\" src=\"http:\/\/gois.inf.br\/wordp\/wp-content\/uploads\/2013\/07\/Slide5-300x225.png\" width=\"300\" height=\"225\" srcset=\"https:\/\/gois.inf.br\/wordp\/wp-content\/uploads\/2013\/07\/Slide5-300x225.png 300w, https:\/\/gois.inf.br\/wordp\/wp-content\/uploads\/2013\/07\/Slide5.png 960w\" sizes=\"auto, (max-width: 300px) 100vw, 300px\" \/><\/a> <a href=\"http:\/\/gois.inf.br\/wordp\/wp-content\/uploads\/2013\/07\/Slide6.png\"><img loading=\"lazy\" decoding=\"async\" class=\"alignnone size-medium wp-image-68\" alt=\"Slide6\" src=\"http:\/\/gois.inf.br\/wordp\/wp-content\/uploads\/2013\/07\/Slide6-300x225.png\" width=\"300\" height=\"225\" srcset=\"https:\/\/gois.inf.br\/wordp\/wp-content\/uploads\/2013\/07\/Slide6-300x225.png 300w, https:\/\/gois.inf.br\/wordp\/wp-content\/uploads\/2013\/07\/Slide6.png 960w\" sizes=\"auto, (max-width: 300px) 100vw, 300px\" \/><\/a> <a href=\"http:\/\/gois.inf.br\/wordp\/wp-content\/uploads\/2013\/07\/Slide7.png\"><img loading=\"lazy\" decoding=\"async\" class=\"alignnone size-medium wp-image-69\" alt=\"Slide7\" src=\"http:\/\/gois.inf.br\/wordp\/wp-content\/uploads\/2013\/07\/Slide7-300x225.png\" width=\"300\" height=\"225\" srcset=\"https:\/\/gois.inf.br\/wordp\/wp-content\/uploads\/2013\/07\/Slide7-300x225.png 300w, https:\/\/gois.inf.br\/wordp\/wp-content\/uploads\/2013\/07\/Slide7.png 960w\" sizes=\"auto, (max-width: 300px) 100vw, 300px\" \/><\/a><\/p>\n","protected":false},"excerpt":{"rendered":"<p>Projeto de uma aplica\u00e7\u00e3o Java SE e Jave EE no qual realizei a integra\u00e7\u00e3o com as m\u00e1quinas de medi\u00e7\u00f5es tridimensionais como Zeiss, Mitutoyo e Hexagon e disponibilizamos as carta de controle e estudo estat\u00edstico em uma aplica\u00e7\u00e3o web. Clique aqui para acessar a apresenta\u00e7\u00e3o.<\/p>\n","protected":false},"author":3,"featured_media":0,"parent":0,"menu_order":0,"comment_status":"closed","ping_status":"open","template":"","meta":{"footnotes":""},"class_list":["post-56","page","type-page","status-publish","hentry"],"_links":{"self":[{"href":"http:\/\/gois.inf.br\/wordp\/index.php?rest_route=\/wp\/v2\/pages\/56","targetHints":{"allow":["GET"]}}],"collection":[{"href":"http:\/\/gois.inf.br\/wordp\/index.php?rest_route=\/wp\/v2\/pages"}],"about":[{"href":"http:\/\/gois.inf.br\/wordp\/index.php?rest_route=\/wp\/v2\/types\/page"}],"author":[{"embeddable":true,"href":"http:\/\/gois.inf.br\/wordp\/index.php?rest_route=\/wp\/v2\/users\/3"}],"replies":[{"embeddable":true,"href":"http:\/\/gois.inf.br\/wordp\/index.php?rest_route=%2Fwp%2Fv2%2Fcomments&post=56"}],"version-history":[{"count":7,"href":"http:\/\/gois.inf.br\/wordp\/index.php?rest_route=\/wp\/v2\/pages\/56\/revisions"}],"predecessor-version":[{"id":227,"href":"http:\/\/gois.inf.br\/wordp\/index.php?rest_route=\/wp\/v2\/pages\/56\/revisions\/227"}],"wp:attachment":[{"href":"http:\/\/gois.inf.br\/wordp\/index.php?rest_route=%2Fwp%2Fv2%2Fmedia&parent=56"}],"curies":[{"name":"wp","href":"https:\/\/api.w.org\/{rel}","templated":true}]}}